, 3*u - 78 = -3*k. Calculate the greatest common factor of 5720 and k.
22
Suppose 4*t - 435 = -r, 0 = 2*r - 4*r + 6. Suppose 5*p + l - 2*l = 119, 5*p = -2*l + 122. What is the greatest common factor of p and t?
12
Let q = -19505 + 19591. What is the highest common factor of 7439 and q?
43
Let m(i) = i**3 + 6*i**2 - 3*i - 4. Let s be m(-4). Let y be 5/(-6 - (-174)/12 - 8). What is the highest common divisor of y and s?
10
Let z(r) = -r**2 + 6*r + 17. Let l be z(7). Suppose 6*t + 4*t - 70 = 0. Suppose t*v = 10*v - 120. What is the highest common factor of l and v?
10
Let r(z) = -z**2 - 3 + z**3 - 4*z**2 - 3*z - 5 - z**2. Let y be r(8). Let o = 1162 + -1150. What is the highest common factor of y and o?
12
Let w = -2350 - -2376. Let l(z) = z**3 + 12*z**2 - 3*z + 3. Let v be l(-12). Calculate the highest common divisor of v and w.
13
Suppose 0*w - w = -5. Let x = 91 - 87. Suppose -m + 192 + 485 = w*u, 3*u + x*m = 396. What is the greatest common divisor of 34 and u?
34
Let p(f) = f**3 + 12*f**2 + 9*f - 4. Let c be p(-11). Suppose -7 - 7 = -2*g. Suppose -6*k = -g*k + 24. Calculate the greatest common divisor of k and c.
6
Let o be 4/(-6) + 52/6. Suppose 5*a = -2*l + 1341 - 1299, -5*a + l + 39 = 0. Suppose a*m - 16 = o. Calculate the highest common factor of 24 and m.
3
Suppose 8*r + m = 5*r + 192, -3*r + 204 = -3*m. Suppose 10*f - r = -3*f. Suppose f*o - 115 - 85 = 0. What is the highest common factor of 4 and o?
4
Let w(t) = t**2 + 4*t - 1. Let a be w(-6). Let z be (-218)/(-15)*3/1*19360/704. What is the greatest common divisor of a and z?
11
Suppose -9*z = -24*z + 45. Suppose -4*k + 1 = -t - 6, -z*k = 4*t - 29. Calculate the highest common factor of 7 and k.
1
Suppose 1742*b - 1738*b = 206536. Calculate the greatest common factor of b and 22.
22
Let y = 571 - 293. Suppose 5*k + 63 = -5*f + y, 5 = -k. Let c be ((-280)/105)/(15/18 - 1). What is the highest common factor of c and f?
16
Let u be (6/(-64)*-68)/(2/32*2). Calculate the highest common factor of 13294 and u.
17
Let x be (964/6)/((-2)/3). Let q = x + 245. Calculate the greatest common factor of q and 18.
2
Let z(y) = y**3 - 11*y**2 - 9*y - 24. Suppose 181 = 13*j + 25. Let m be z(j). Calculate the greatest common factor of 192 and m.
12
Suppose -1018 - 4731 = -2*i - n, -2879 = -i + 4*n. Calculate the highest common factor of i and 46.
23
Let j = 3 - -32. Let a be 4 + (-3 - -1) + 2 + -3. Let h(t) = 377*t + 8. Let n be h(a). Calculate the greatest common divisor of j and n.
35
Suppose v + 90557 = 3*r, 8*v - 150933 = -5*r + 5*v. Calculate the highest common factor of 54 and r.
54
Let q(u) = u**2 - 5*u + 8. Let s be q(6). Suppose s*i - 3*i = 187. What is the highest common factor of 136 and i?
17
Let r be ((2 - (-2)/(-2)) + -3)*(-1326)/52. What is the highest common divisor of r and 170?
17
Let j = 2966 + -2576. What is the highest common factor of j and 299?
13
Suppose 12*a - 9855 = 2*a + 8905. What is the greatest common factor of 224 and a?
28
Let d = 328 - 340. Let c(x) = -x**3 - 11*x**2 + 8*x - 20. Let j be c(d). Calculate the greatest common divisor of 210 and j.
14
Let w be 346 - (-10)/((-80)/(-24)). Let x = w - 339. Let s be (-7)/(9/10 + -1). What is the highest common divisor of x and s?
10
Suppose 46*c + 44*c + 22*c - 9520 = 0. Calculate the highest common divisor of c and 6630.
85
Let p(r) = 10*r + 1266. Let i be p(-125). Let y = -5 - 10. Let l be 99/4 - y/(-20). What is the highest common divisor of l and i?
8
Let c(v) = v**2 - 36*v - 116. Let b be c(39). What is the greatest common factor of 197 and b?
1
Let f = 9838 - 3446. Calculate the greatest common factor of f and 680.
136
Let c(u) be the second derivative of -u**3/6 - 6*u**2 - 16*u. Let d be c(-4). Let j = d + 29. What is the highest common divisor of j and 63?
21
Let t = -518 + 573. Let r be (242/t)/(3/30). Let d be ((-2)/(-5))/((-2)/(-20)). Calculate the highest common factor of d and r.
4
Let d be -6 - -8 - -1 - 28290/(-10). Calculate the greatest common factor of 144 and d.
48
Let l = 89 + -71. Let u be 1*502/(-4)*-2. Let w = u + -107. What is the highest common divisor of w and l?
18
Let l(n) = 37*n**2 - 5*n + 2. Let d(z) = 5*z - 21. Let b be d(5). Let a be l(b). Let o be (2/4)/(7/a) - 1. What is the greatest common factor of o and 16?
8
Suppose 2234 = 15*g + 8*g - 1101. What is the highest common divisor of 80 and g?
5
Let j be 22869/54 - 9/18. Calculate the highest common factor of j and 3102.
141
Let p = -8910 + 11132. Calculate the highest common factor of p and 33.
11
Suppose -113*y + 11*y + 87360 = 90*y. What is the greatest common factor of y and 1456?
91
Let x(r) = r**2 - 6*r + 14. Let s be x(3). Suppose s*v + 3*v = 448. Let l = v + -53. Calculate the highest common factor of l and 3.
3
Let n = 425 + -275. Let c be (-66)/11 + -1 + 5. Let x be (c/6*-5)/(2/36). What is the highest common factor of n and x?
30
Suppose 9 + 17 = 2*i. Let j(x) = -59*x + 24. Let y be j(-4). Suppose -9*r + 14*r - y = 0. Calculate the highest common divisor of i and r.
13
Let j = 606 + -606. Suppose 0 = -4*m - 6*h + h + 1157, m + h - 289 = j. Calculate the greatest common factor of 9 and m.
9
Suppose -34*n = -15*n - 60020 + 6212. Calculate the greatest common divisor of 80 and n.
16
Let z be (16 + -2)*13*4/8. What is the greatest common factor of z and 2275?
91
Let v(f) = -4*f**3 + 15*f**2 + 55*f + 47. Let a be v(-4). What is the greatest common divisor of a and 513?
19
Suppose -4*d = 3*q - 1028, -d + 1339 = 4*q - 2*d. Let y = -33034 + 33048. Calculate the highest common divisor of q and y.
14
Suppose -3*u + 27 = 0, -230 = 6*c + 2*u - 668. Calculate the greatest common divisor of c and 1280.
10
Let a be 1 + 55*1 + -1. Let o(z) = 18*z + 166. Suppose -8*k + 11*k - 1 = -i, 3*i = -k - 21. Let s be o(i). Calculate the greatest common factor of s and a.
11
Suppose 2*f = -2, -3*p = f - 400 - 643. Let n(c) = -1047*c - 1035. Let x be n(-1). Calculate the greatest common divisor of p and x.
12
Suppose 4*m + 30 = 2*o, 146 = 11*o + 4*m - 19. Calculate the highest common divisor of o and 335.
5
Suppose -83*x = 33736 - 126862. Calculate the greatest common divisor of x and 99.
33
Let t be 1 - (1 + 1 - 15). Suppose 2*a - 8*g + 3*g - 38 = 0, 3*a + 0*g = -2*g. What is the greatest common factor of t and a?
2
Let w(u) = 4*u - 33. Let j be w(9). Suppose 4*f - 316 = 13*v - 16*v, 3*v - j*f = 288. What is the highest common factor of v and 60?
20
Let t be (4/(-3))/(34/255). Let f be 5/(-50) + (-471)/t. Calculate the greatest common factor of f and 94.
47
Suppose -5*i - 5*o + 5 = 0, i = 4*i - 5*o + 37. Let y = 10 - i. Suppose 22*b = 157 - 3. What is the greatest common divisor of b and y?
7
Suppose 14 = 4*h - 0*g - g, -3*g = h - 10. Let a(l) = -150 + 0*l - 3*l - 66 - 2*l + 47. Let x be a(-34). Calculate the greatest common factor of h and x.
1
Suppose 818*r - 819*r = -h - 423, -r = -2*h - 421. Calculate the highest common divisor of 50 and r.
25
Let b(g) = 571*g + 1328. Let f be b(-2). What is the greatest common factor of f and 14694?
186
Suppose 7 + 41 = 16*r. Suppose -84 + 138 = r*b. Calculate the highest common divisor of 342 and b.
18
Suppose 0 = 5*c + h - 190, -c + 38 = -0*c + h. Suppose 10*y - 212 - c = 0. Calculate the greatest common divisor of y and 10.
5
Let p be (-28)/51 + 70/(-595) + (-778)/(-6). What is the highest common divisor of 29283 and p?
129
Suppose -2*g + o + 16 = 0, 5*g + 21 - 63 = 3*o. Suppose -3*d = 4*w + 12 - 1, 5*w = 4*d - 37. Calculate the greatest common divisor of d and g.
3
Let w be 9 - (86/(-129) - (-3052)/(-3)). Calculate the highest common divisor of 79 and w.
79
Suppose 0 = 12*n - 12 + 48. Let p be (n + -1)/((-12)/(-108)*-12). Let r = -3 + 12. Calculate the highest common factor of p and r.
3
Let s(v) = -2*v**2 + 2*v + 9. Let z be s(4). Let q be z/10*1*888/(-18). What is the greatest common divisor of 1184 and q?
74
Suppose 0 = 4*k - 69 - 35. Let u = -26 + k. Suppose 0*c - 8*c + 840 = u. What is the highest common factor of 21 and c?
21
Let s(d) = d**2 + 23*d - 19. Let w be s(-24). Suppose 0 = 4*r + 5*h - 193, 42 = w*r - h - 221. Let p = r - 44. What is the greatest common divisor of p and 72?
8
Suppose -s - 1126 = -2*k - 3*s, 0 = -2*k + 4*s + 1156. Suppose j - 6*j - 1800 = 0. Let c = k + j. What is the greatest common 